{"id":78,"date":"2014-12-06T23:31:16","date_gmt":"2014-12-06T23:31:16","guid":{"rendered":"http:\/\/tell-erling.bplaced.net\/wordpress\/?page_id=78"},"modified":"2023-08-17T22:09:43","modified_gmt":"2023-08-17T20:09:43","slug":"jugend","status":"publish","type":"page","link":"https:\/\/tell-erling.bplaced.net\/wordpress\/jugend\/","title":{"rendered":"Jugend"},"content":{"rendered":"<p>Eine gute und erfolgreiche Jugendarbeit ist eines der zentralen Ziele unseres Vereins. Hierbei ist zu beachten, dass Jugendliche erst ab 12 Jahren mit Luftgewehr\/Luftpistole und hier nur unter Aufsicht eines speziellen &#8222;Jugendtrainers&#8220; schie\u00dfen d\u00fcrfen. Mit Ausnahmegenehmigung ist es f\u00fcr besonders talentierte Jugendliche bereits ab 10 Jahren m\u00f6glich mit dem Schie\u00dfen zu beginnen.<\/p>\n<p>Neben dem positiven Einfluss des Vereinslebens auf die soziale Entwicklung wirkt der Schie\u00dfsport positiv auf die Entwicklung der Konzentrationsf\u00e4higkeit, Selbstsicherheit und Ausdauer. Zu diesem Ergebnis kommt eine <a href=\"http:\/\/www.bssb.de\/bssb\/Waffenrecht\/P\u00e4dagogische_Auswirkungen_12_Jahre.pdf\" target=\"_blank\">Studie der Universit\u00e4t M\u00fcnchen<\/a>, die reichlich verklausuliert von <a href=\"http:\/\/webarchiv.bundestag.de\/archive\/2010\/0304\/bundestag\/ausschuesse\/a04\/anhoerungen\/Anhoerung12\/Stellungnahmen_SV\/Stellungnahme04.pdf\" target=\"_blank\">Prof. Dr. Dietmar Heubrock<\/a> in einer Stellungnahme f\u00fcr den Bundestag best\u00e4tigt wurde.<\/p>\n<p>Sportschie\u00dfen ist neben Schach eine der sichersten Sportarten \u00fcberhaupt. Die f\u00fcr das Schie\u00dfen erforderliche Konzentrationsf\u00e4higkeit, K\u00f6rperbeherschung und Ausdauer wird gezielt trainiert. Jeder, der schon ein Mal versucht hat in zehn Meter Entfernung eine Ziel, mit einen Durchmesser von einem Millimeter zu treffen, wei\u00df, dass dazu einige \u00dcbung und Erfahrung notwendig sind. Die Kunst des Schie\u00dfens liegt zum einen in der K\u00f6rperbeherschung. Es gilt, seinen eigenen K\u00f6rper f\u00fcr den Moment der Schussabgabe so unter Kontrolle zu haben, dass es den Schu\u00df nicht verrei\u00dft und die Kugel neben dem Ziel landet. Besonders f\u00fcr Kinder und Jugendliche ist dies eine \u00dcbung, die einige \u00dcberwindung kostet. Es bedarf daher auch einer Menge Konzentration, wenn jeder Schuss sein Ziel erreichen soll. Die F\u00e4higkeit, sich \u00fcber einen l\u00e4ngeren Zeitraum nur auf sich und sein Ziel zu konzentrieren, ist auch f\u00fcr das Lernen in der Schule eine gute \u00dcbung. Mentalen Ausgleich verschafft der gesellige Teil der Vereinslebens.<\/p>\n<p>Neben Pokalen gibt es bei den Sch\u00fctzen auch immer eine Vielzahl an Preisschie\u00dfen mit attraktiven Sachpreisen &#8211; als Motivation und Belohnung.<\/p>\n","protected":false},"excerpt":{"rendered":"<p>Eine gute und erfolgreiche Jugendarbeit ist eines der zentralen Ziele unseres Vereins. Hierbei ist zu beachten, dass Jugendliche erst ab 12 Jahren mit Luftgewehr\/Luftpistole und hier nur unter Aufsicht eines speziellen &#8222;Jugendtrainers&#8220; schie\u00dfen d\u00fcrfen. Mit Ausnahmegenehmigung ist es f\u00fcr besonders talentierte Jugendliche bereits ab 10 Jahren m\u00f6glich mit dem Schie\u00dfen zu beginnen. Neben dem positiven [&hellip;]<\/p>\n","protected":false},"author":1,"featured_media":0,"parent":0,"menu_order":2,"comment_status":"open","ping_status":"closed","template":"","meta":{"footnotes":""},"class_list":["post-78","page","type-page","status-publish","hentry","post"],"_links":{"self":[{"href":"https:\/\/tell-erling.bplaced.net\/wordpress\/wp-json\/wp\/v2\/pages\/78","targetHints":{"allow":["GET"]}}],"collection":[{"href":"https:\/\/tell-erling.bplaced.net\/wordpress\/wp-json\/wp\/v2\/pages"}],"about":[{"href":"https:\/\/tell-erling.bplaced.net\/wordpress\/wp-json\/wp\/v2\/types\/page"}],"author":[{"embeddable":true,"href":"https:\/\/tell-erling.bplaced.net\/wordpress\/wp-json\/wp\/v2\/users\/1"}],"replies":[{"embeddable":true,"href":"https:\/\/tell-erling.bplaced.net\/wordpress\/wp-json\/wp\/v2\/comments?post=78"}],"version-history":[{"count":13,"href":"https:\/\/tell-erling.bplaced.net\/wordpress\/wp-json\/wp\/v2\/pages\/78\/revisions"}],"predecessor-version":[{"id":4090,"href":"https:\/\/tell-erling.bplaced.net\/wordpress\/wp-json\/wp\/v2\/pages\/78\/revisions\/4090"}],"wp:attachment":[{"href":"https:\/\/tell-erling.bplaced.net\/wordpress\/wp-json\/wp\/v2\/media?parent=78"}],"curies":[{"name":"wp","href":"https:\/\/api.w.org\/{rel}","templated":true}]}}