{"id":4337,"date":"2025-02-07T12:00:41","date_gmt":"2025-02-07T11:00:41","guid":{"rendered":"http:\/\/tell-erling.bplaced.net\/wordpress\/?page_id=4337"},"modified":"2025-02-15T21:33:39","modified_gmt":"2025-02-15T20:33:39","slug":"ergebnisse-2025","status":"publish","type":"page","link":"https:\/\/tell-erling.bplaced.net\/wordpress\/volksschiessen\/volksschiessen-2025\/ergebnisse-2025\/","title":{"rendered":"Volksschie\u00dfen 2025 Ergebnisse"},"content":{"rendered":"<p>Das Endergebnis des Volksschie\u00dfen 2025 findet ihr unter folgendem Link:<\/p>\n<p><a href=\"http:\/\/tell-erling.bplaced.net\/wordpress\/wp-content\/uploads\/2025\/02\/Finale-Ergebnisse-Volksschie\u00dfen-2025.pdf\">Ergebnisse Volksschie\u00dfen 2025 Final<\/a><\/p>\n<p>Um den Spannungsbogen der Preisverteilung nicht zu zerst\u00f6ren, werden vor der Preisverteilung am <strong>Samstag 15.02.2025<\/strong> keine weiteren Ergebnisse mehr ver\u00f6ffentlicht.<\/p>\n<p><strong>Hinweis zur Preisverteilung:<\/strong><br \/>\nDie Preise werden nur an Personen ausgegeben, welche pers\u00f6nlich vor Ort sind, oder in Vertretung von jemand anderem pers\u00f6nlich abgeholt werden.<br \/>\nPreise, welche durch nicht-Anwesenheit des Preisempf\u00e4ngers ausgegeben werden, werden an den n\u00e4chsten in der Platzierung weitergegeben.<\/p>\n","protected":false},"excerpt":{"rendered":"<p>Das Endergebnis des Volksschie\u00dfen 2025 findet ihr unter folgendem Link: Ergebnisse Volksschie\u00dfen 2025 Final Um den Spannungsbogen der Preisverteilung nicht zu zerst\u00f6ren, werden vor der Preisverteilung am Samstag 15.02.2025 keine weiteren Ergebnisse mehr ver\u00f6ffentlicht. Hinweis zur Preisverteilung: Die Preise werden nur an Personen ausgegeben, welche pers\u00f6nlich vor Ort sind, oder in Vertretung von jemand anderem [&hellip;]<\/p>\n","protected":false},"author":8,"featured_media":0,"parent":4295,"menu_order":0,"comment_status":"closed","ping_status":"closed","template":"","meta":{"footnotes":""},"class_list":["post-4337","page","type-page","status-publish","hentry","post"],"_links":{"self":[{"href":"https:\/\/tell-erling.bplaced.net\/wordpress\/wp-json\/wp\/v2\/pages\/4337","targetHints":{"allow":["GET"]}}],"collection":[{"href":"https:\/\/tell-erling.bplaced.net\/wordpress\/wp-json\/wp\/v2\/pages"}],"about":[{"href":"https:\/\/tell-erling.bplaced.net\/wordpress\/wp-json\/wp\/v2\/types\/page"}],"author":[{"embeddable":true,"href":"https:\/\/tell-erling.bplaced.net\/wordpress\/wp-json\/wp\/v2\/users\/8"}],"replies":[{"embeddable":true,"href":"https:\/\/tell-erling.bplaced.net\/wordpress\/wp-json\/wp\/v2\/comments?post=4337"}],"version-history":[{"count":7,"href":"https:\/\/tell-erling.bplaced.net\/wordpress\/wp-json\/wp\/v2\/pages\/4337\/revisions"}],"predecessor-version":[{"id":4354,"href":"https:\/\/tell-erling.bplaced.net\/wordpress\/wp-json\/wp\/v2\/pages\/4337\/revisions\/4354"}],"up":[{"embeddable":true,"href":"https:\/\/tell-erling.bplaced.net\/wordpress\/wp-json\/wp\/v2\/pages\/4295"}],"wp:attachment":[{"href":"https:\/\/tell-erling.bplaced.net\/wordpress\/wp-json\/wp\/v2\/media?parent=4337"}],"curies":[{"name":"wp","href":"https:\/\/api.w.org\/{rel}","templated":true}]}}