{"id":4216,"date":"2024-01-25T23:43:54","date_gmt":"2024-01-25T22:43:54","guid":{"rendered":"http:\/\/tell-erling.bplaced.net\/wordpress\/?page_id=4216"},"modified":"2024-01-25T23:45:34","modified_gmt":"2024-01-25T22:45:34","slug":"volksschiessen-2024","status":"publish","type":"page","link":"https:\/\/tell-erling.bplaced.net\/wordpress\/volksschiessen\/volksschiessen-2024\/","title":{"rendered":"Volksschie\u00dfen 2024"},"content":{"rendered":"<div class=\"entry-content\">\n<p style=\"text-align: center;\"><a href=\"http:\/\/tell-erling.bplaced.net\/wordpress\/wp-content\/uploads\/2023\/01\/Logo.png\"><img loading=\"lazy\" decoding=\"async\" class=\"alignnone size-medium wp-image-3982\" src=\"http:\/\/tell-erling.bplaced.net\/wordpress\/wp-content\/uploads\/2023\/01\/Logo-300x108.png\" alt=\"Logo\" width=\"300\" height=\"108\" srcset=\"https:\/\/tell-erling.bplaced.net\/wordpress\/wp-content\/uploads\/2023\/01\/Logo-300x108.png 300w, https:\/\/tell-erling.bplaced.net\/wordpress\/wp-content\/uploads\/2023\/01\/Logo.png 605w\" sizes=\"auto, (max-width: 300px) 100vw, 300px\" \/><\/a><\/p>\n<p style=\"text-align: center;\"><strong>Einladung<\/strong><\/p>\n<p style=\"text-align: center;\"><strong>unter der Schirmherrschaft von Christian Pf\u00e4nder an alle Erlinger B\u00fcrgerinnen und B\u00fcrger,<br \/>\nan alle Mitglieder der Erlinger Vereine und die Mitarbeiter der ortsans\u00e4ssigen Firmen<\/strong><\/p>\n<p style=\"text-align: center;\"><strong>zum<\/strong><\/p>\n<p style=\"text-align: center;\"><strong>V o l k s s c h i e \u00df e n<\/strong><\/p>\n<p style=\"text-align: center;\"><strong>vom<\/strong><\/p>\n<p style=\"text-align: center;\"><strong>\u00a0 25. Januar bis 27. Januar 2024<\/strong><\/p>\n<p style=\"text-align: center;\">\u00a0<strong>Donnerstag\u00a0\u00a0\u00a0\u00a0\u00a0 25. Januar\u00a0\u00a0\u00a0\u00a0\u00a0\u00a0\u00a0\u00a0\u00a0\u00a0\u00a0\u00a0\u00a0\u00a0\u00a0 18:30 Uhr\u00a0 bis \u00a0\u00a022:00 Uhr<\/strong><\/p>\n<p style=\"text-align: center;\"><strong>Freitag\u00a0\u00a0\u00a0\u00a0\u00a0\u00a0\u00a0\u00a0\u00a0\u00a0\u00a0\u00a0 26. Januar\u00a0\u00a0\u00a0\u00a0\u00a0\u00a0\u00a0\u00a0\u00a0\u00a0\u00a0\u00a0\u00a0\u00a0\u00a0 18:00 Uhr\u00a0 bis \u00a0\u00a022:30 Uhr<\/strong><\/p>\n<p style=\"text-align: center;\"><strong>Samstag\u00a0\u00a0 \u00a0\u00a0\u00a0\u00a0\u00a0\u00a0\u00a0 27. Januar\u00a0\u00a0\u00a0\u00a0\u00a0\u00a0\u00a0\u00a0\u00a0\u00a0\u00a0\u00a0\u00a0\u00a0\u00a0 14:00 Uhr \u00a0 bis \u00a019:00 Uhr<\/strong><\/p>\n<p style=\"text-align: center;\"><strong>F\u00fcr das leibliche Wohl wird gesorgt<br \/>\nKaffee und Kuchen am Samstag, den 27. Januar.<\/strong><\/p>\n<p style=\"text-align: center;\">\u00a0\u00a0\u00a0\u00a0\u00a0\u00a0 \u00a0 <strong>Kassenschluss: jeweils \u00bd Stunde vor Schie\u00dfende<\/strong><\/p>\n<p style=\"text-align: center;\"><strong>Einlage: 20 Schuss \u2013 9,00 \u20ac <\/strong>(der Betrag versteht sich einschl. Versicherung)<\/p>\n<p style=\"text-align: center;\"><strong>\u00a0\u00a0\u00a0\u00a0\u00a0\u00a0\u00a0\u00a0\u00a0\u00a0\u00a0\u00a0\u00a0\u00a0\u00a0\u00a0\u00a0\u00a0\u00a0 Nachkauf unbeschr\u00e4nkt (10 Schuss kosten 2,\u2013\u20ac)<\/strong><\/p>\n<p style=\"text-align: center;\"><strong>\u00a0<\/strong><strong><em>Preisverteilung: Samstag, 3. Februar um 20:00 Uhr<\/em><\/strong><\/p>\n<p style=\"text-align: center;\"><strong>Essen und Getr\u00e4nke ab 19:00 Uhr<\/strong><\/p>\n<p style=\"text-align: center;\">\u00a0<strong>Luftgewehre bzw. Luftpistolen und Munition werden gestellt.<br \/>\nEigene Waffen sind nicht erlaubt.<\/strong><\/p>\n<p style=\"text-align: center;\">Teilnahmeberechtigt sind alle ab <strong>10<\/strong> Jahren. Minderj\u00e4hrige mit Einverst\u00e4ndnis-erkl\u00e4rung der Eltern.<br \/>\n10- und 11- j\u00e4hrige Teilnehmer sowie Sch\u00fctzinnen und Sch\u00fctzen ab 56 Jahre k\u00f6nnen als Hilfsmittel die Auflage benutzen.<\/p>\n<p style=\"text-align: center;\">\u00a0Ermittelt werden (nur mit Wohnsitz im Ortsteil Erling):<\/p>\n<ul style=\"text-align: center;\">\n<li><strong>Ortsmeisterin <\/strong><\/li>\n<li><strong>Ortsmeister<\/strong><\/li>\n<li><strong>Jugendklasse: Jugend-Ortsmeisterin oder ein Jugend-Ortsmeister <\/strong><\/li>\n<li><strong>Altersklasse: Ortsmeisterin oder ein Ortsmeister <\/strong><\/li>\n<li><strong>1.- 3. Platz Mannschaftsmeister (in die Wertung kommen die 5 besten<br \/>\nSch\u00fctzinnen\/Sch\u00fctzen einer Mannschaft)<\/strong><\/li>\n<\/ul>\n<p style=\"text-align: center;\"><strong>Zur Verteilung kommen Ehrengaben, Pokale und sch\u00f6ne Sachpreise.<\/strong><\/p>\n<p style=\"text-align: center;\">Die Schie\u00dfordnung des Bayrischen Sportsch\u00fctzenbundes BSSB ist ma\u00dfgebend.<\/p>\n<p style=\"text-align: center;\"><strong><em>Die Tell-Sch\u00fctzen Erling w\u00fcnschen allen Teilnehmern GUT SCHUSS<\/em><\/strong><\/p>\n<\/div>\n","protected":false},"excerpt":{"rendered":"<p>Einladung unter der Schirmherrschaft von Christian Pf\u00e4nder an alle Erlinger B\u00fcrgerinnen und B\u00fcrger, an alle Mitglieder der Erlinger Vereine und die Mitarbeiter der ortsans\u00e4ssigen Firmen zum V o l k s s c h i e \u00df e n vom \u00a0 25. Januar bis 27. Januar 2024 \u00a0Donnerstag\u00a0\u00a0\u00a0\u00a0\u00a0 25. Januar\u00a0\u00a0\u00a0\u00a0\u00a0\u00a0\u00a0\u00a0\u00a0\u00a0\u00a0\u00a0\u00a0\u00a0\u00a0 18:30 Uhr\u00a0 bis \u00a0\u00a022:00 Uhr [&hellip;]<\/p>\n","protected":false},"author":8,"featured_media":0,"parent":3483,"menu_order":-1,"comment_status":"closed","ping_status":"closed","template":"","meta":{"footnotes":""},"class_list":["post-4216","page","type-page","status-publish","hentry","post"],"_links":{"self":[{"href":"https:\/\/tell-erling.bplaced.net\/wordpress\/wp-json\/wp\/v2\/pages\/4216","targetHints":{"allow":["GET"]}}],"collection":[{"href":"https:\/\/tell-erling.bplaced.net\/wordpress\/wp-json\/wp\/v2\/pages"}],"about":[{"href":"https:\/\/tell-erling.bplaced.net\/wordpress\/wp-json\/wp\/v2\/types\/page"}],"author":[{"embeddable":true,"href":"https:\/\/tell-erling.bplaced.net\/wordpress\/wp-json\/wp\/v2\/users\/8"}],"replies":[{"embeddable":true,"href":"https:\/\/tell-erling.bplaced.net\/wordpress\/wp-json\/wp\/v2\/comments?post=4216"}],"version-history":[{"count":1,"href":"https:\/\/tell-erling.bplaced.net\/wordpress\/wp-json\/wp\/v2\/pages\/4216\/revisions"}],"predecessor-version":[{"id":4217,"href":"https:\/\/tell-erling.bplaced.net\/wordpress\/wp-json\/wp\/v2\/pages\/4216\/revisions\/4217"}],"up":[{"embeddable":true,"href":"https:\/\/tell-erling.bplaced.net\/wordpress\/wp-json\/wp\/v2\/pages\/3483"}],"wp:attachment":[{"href":"https:\/\/tell-erling.bplaced.net\/wordpress\/wp-json\/wp\/v2\/media?parent=4216"}],"curies":[{"name":"wp","href":"https:\/\/api.w.org\/{rel}","templated":true}]}}