{"id":3979,"date":"2023-01-27T10:53:34","date_gmt":"2023-01-27T09:53:34","guid":{"rendered":"http:\/\/tell-erling.bplaced.net\/wordpress\/?page_id=3979"},"modified":"2023-10-22T21:23:44","modified_gmt":"2023-10-22T19:23:44","slug":"volksschiessen-2023","status":"publish","type":"page","link":"https:\/\/tell-erling.bplaced.net\/wordpress\/volksschiessen\/volksschiessen-2023\/","title":{"rendered":"Volksschie\u00dfen 2023"},"content":{"rendered":"<p style=\"text-align: center;\"><strong>\u00a0<a href=\"http:\/\/tell-erling.bplaced.net\/wordpress\/wp-content\/uploads\/2023\/01\/Logo.png\"><img loading=\"lazy\" decoding=\"async\" class=\"alignnone size-medium wp-image-3982\" src=\"http:\/\/tell-erling.bplaced.net\/wordpress\/wp-content\/uploads\/2023\/01\/Logo-300x108.png\" alt=\"Logo\" width=\"300\" height=\"108\" srcset=\"https:\/\/tell-erling.bplaced.net\/wordpress\/wp-content\/uploads\/2023\/01\/Logo-300x108.png 300w, https:\/\/tell-erling.bplaced.net\/wordpress\/wp-content\/uploads\/2023\/01\/Logo.png 605w\" sizes=\"auto, (max-width: 300px) 100vw, 300px\" \/><\/a><br \/>\n<\/strong><\/p>\n<p style=\"text-align: center;\"><strong>Einladung<\/strong><\/p>\n<p style=\"text-align: center;\"><strong>unter der Schirmherrschaft von Pater Korbinian Linsenmann an alle Erlinger B\u00fcrgerinnen und B\u00fcrger,<br \/>\nan alle Mitglieder der Erlinger Vereine und die Mitarbeiter der ortsans\u00e4ssigen Firmen<\/strong><\/p>\n<p style=\"text-align: center;\"><strong>zum<\/strong><\/p>\n<p style=\"text-align: center;\"><strong>V o l k s s c h i e \u00df e n<\/strong><\/p>\n<p style=\"text-align: center;\"><strong>vom<\/strong><\/p>\n<ol style=\"text-align: center;\" start=\"6\">\n<li><strong> Januar bis 28. Januar 2023<\/strong><\/li>\n<\/ol>\n<p style=\"text-align: center;\">\n<p style=\"text-align: center;\"><strong>Donnerstag\u00a0\u00a0\u00a0\u00a0\u00a0 26. Januar\u00a0\u00a0\u00a0\u00a0\u00a0\u00a0\u00a0\u00a0\u00a0\u00a0\u00a0\u00a0\u00a0\u00a0\u00a0 18:30 Uhr\u00a0 bis \u00a0\u00a022:00 Uhr<\/strong><\/p>\n<p style=\"text-align: center;\"><strong>Freitag\u00a0\u00a0\u00a0\u00a0\u00a0\u00a0\u00a0\u00a0\u00a0\u00a0\u00a0\u00a0 27. Januar\u00a0\u00a0\u00a0\u00a0\u00a0\u00a0\u00a0\u00a0\u00a0\u00a0\u00a0\u00a0\u00a0\u00a0\u00a0 18:00 Uhr\u00a0 bis \u00a0\u00a022:30 Uhr<\/strong><\/p>\n<p style=\"text-align: center;\"><strong>Samstag\u00a0\u00a0 \u00a0\u00a0\u00a0\u00a0\u00a0\u00a0\u00a0 28. Januar\u00a0\u00a0\u00a0\u00a0\u00a0\u00a0\u00a0\u00a0\u00a0\u00a0\u00a0\u00a0\u00a0\u00a0\u00a0 14:00 Uhr \u00a0 bis \u00a019:00 Uhr<\/strong><\/p>\n<p style=\"text-align: center;\"><strong><br \/>\nF\u00fcr das leibliche Wohl wird gesorgt<br \/>\nKaffee und Kuchen am Samstag, den 28. Januar.<\/strong><\/p>\n<h1 style=\"text-align: center;\">\u00a0\u00a0\u00a0\u00a0\u00a0\u00a0 \u00a0\u00a0 Kassenschluss: jeweils \u00bd Stunde vor Schie\u00dfende<\/h1>\n<p style=\"text-align: center;\"><strong>Einlage: 20 Schuss \u2013 9,00 \u20ac <\/strong>(der Betrag versteht sich einschl. Versicherung)<\/p>\n<p style=\"text-align: center;\"><strong>\u00a0\u00a0\u00a0\u00a0\u00a0\u00a0\u00a0\u00a0\u00a0\u00a0\u00a0\u00a0\u00a0\u00a0\u00a0\u00a0\u00a0\u00a0\u00a0 Nachkauf unbeschr\u00e4nkt (10 Schuss kosten 2,&#8211;\u20ac)<\/strong><\/p>\n<p style=\"text-align: center;\"><strong>\u00a0<\/strong><\/p>\n<p style=\"text-align: center;\"><strong><em>Preisverteilung: Samstag, 4. Februar um 20:00 Uhr<\/em><\/strong><\/p>\n<p style=\"text-align: center;\"><strong>Essen und Getr\u00e4nke ab 19:00 Uhr<\/p>\n<p><\/strong><\/p>\n<p style=\"text-align: center;\"><strong>Luftgewehre bzw. Luftpistolen und Munition werden gestellt.<br \/>\nEigene Waffen sind nicht erlaubt.<\/strong><\/p>\n<p style=\"text-align: center;\">\n<p style=\"text-align: center;\">Teilnahmeberechtigt sind alle ab <strong>10<\/strong> Jahren. Minderj\u00e4hrige mit Einverst\u00e4ndnis-erkl\u00e4rung der Eltern.<br \/>\n10- und 11- j\u00e4hrige Teilnehmer sowie Sch\u00fctzinnen und Sch\u00fctzen ab 56 Jahre k\u00f6nnen als Hilfsmittel die Auflage benutzen.<\/p>\n<p style=\"text-align: center;\">\n<p style=\"text-align: center;\">Ermittelt werden (nur mit Wohnsitz im Ortsteil Erling):<\/p>\n<ul style=\"text-align: center;\">\n<li><strong>Ortsmeisterin <\/strong><\/li>\n<li><strong>Ortsmeister<\/strong><\/li>\n<li><strong>Jugendklasse: Jugend-Ortsmeisterin oder ein Jugend-Ortsmeister <\/strong><\/li>\n<li><strong>Altersklasse: Ortsmeisterin oder ein Ortsmeister <\/strong><\/li>\n<\/ul>\n<p style=\"text-align: center;\">&#8211;\u00a0\u00a0\u00a0 <strong>1.- 3. Platz Mannschaftsmeister (In die Wertung kommen die 5 besten<br \/>\nSch\u00fctzinnen\/Sch\u00fctzen einer Mannschaft)<\/strong><\/p>\n<p style=\"text-align: center;\">\n<p style=\"text-align: center;\"><strong>Zur Verteilung kommen Ehrengaben, Pokale und sch\u00f6ne Sachpreise.<\/strong><\/p>\n<p style=\"text-align: center;\">\n<p style=\"text-align: center;\">\n<p style=\"text-align: center;\">Die Schie\u00dfordnung des Bayrischen Sportsch\u00fctzenbundes BSSB ist ma\u00dfgebend.<\/p>\n<p style=\"text-align: center;\"><strong><em>\u00a0<\/em><\/strong><\/p>\n<p style=\"text-align: center;\"><strong><em>Die Tell-Sch\u00fctzen Erling w\u00fcnschen allen Teilnehmern GUT SCHUSS<\/em><\/strong><\/p>\n","protected":false},"excerpt":{"rendered":"<p>\u00a0 Einladung unter der Schirmherrschaft von Pater Korbinian Linsenmann an alle Erlinger B\u00fcrgerinnen und B\u00fcrger, an alle Mitglieder der Erlinger Vereine und die Mitarbeiter der ortsans\u00e4ssigen Firmen zum V o l k s s c h i e \u00df e n vom Januar bis 28. Januar 2023 Donnerstag\u00a0\u00a0\u00a0\u00a0\u00a0 26. Januar\u00a0\u00a0\u00a0\u00a0\u00a0\u00a0\u00a0\u00a0\u00a0\u00a0\u00a0\u00a0\u00a0\u00a0\u00a0 18:30 Uhr\u00a0 bis \u00a0\u00a022:00 Uhr [&hellip;]<\/p>\n","protected":false},"author":8,"featured_media":0,"parent":3483,"menu_order":0,"comment_status":"closed","ping_status":"closed","template":"","meta":{"footnotes":""},"class_list":["post-3979","page","type-page","status-publish","hentry","post"],"_links":{"self":[{"href":"https:\/\/tell-erling.bplaced.net\/wordpress\/wp-json\/wp\/v2\/pages\/3979","targetHints":{"allow":["GET"]}}],"collection":[{"href":"https:\/\/tell-erling.bplaced.net\/wordpress\/wp-json\/wp\/v2\/pages"}],"about":[{"href":"https:\/\/tell-erling.bplaced.net\/wordpress\/wp-json\/wp\/v2\/types\/page"}],"author":[{"embeddable":true,"href":"https:\/\/tell-erling.bplaced.net\/wordpress\/wp-json\/wp\/v2\/users\/8"}],"replies":[{"embeddable":true,"href":"https:\/\/tell-erling.bplaced.net\/wordpress\/wp-json\/wp\/v2\/comments?post=3979"}],"version-history":[{"count":3,"href":"https:\/\/tell-erling.bplaced.net\/wordpress\/wp-json\/wp\/v2\/pages\/3979\/revisions"}],"predecessor-version":[{"id":3983,"href":"https:\/\/tell-erling.bplaced.net\/wordpress\/wp-json\/wp\/v2\/pages\/3979\/revisions\/3983"}],"up":[{"embeddable":true,"href":"https:\/\/tell-erling.bplaced.net\/wordpress\/wp-json\/wp\/v2\/pages\/3483"}],"wp:attachment":[{"href":"https:\/\/tell-erling.bplaced.net\/wordpress\/wp-json\/wp\/v2\/media?parent=3979"}],"curies":[{"name":"wp","href":"https:\/\/api.w.org\/{rel}","templated":true}]}}